r) = -r + 37*r**3 - 16*r**3 - 22*r**3 + 5*r**2 + 0*r**3 - 4. What is u(y)?
11
Let m be (-144 - -146)/(2/(-7)). Let o(g) = g**3 + 7*g**2 - 4*g - 16. Give o(m).
12
Let h(w) = 3*w + 9. Let f be 1*(1 - 2)*(-4 + 1). Let r(a) = -2 - 10 + 2 - f*a + 1. Let g(i) = 2*h(i) + 3*r(i). What is g(-7)?
12
Let r(w) = 6*w - 74. Suppose -3*a = -h - 33, -3*h = -98*a + 96*a + 8. What is r(a)?
4
Suppose 0*h = -h - 3*b + 4, 0 = h + 2*b - 3. Let j = 79 - 76. Let r(z) = 10*z**3 + 6*z**j - 3*z**2 + 2*z**2. Calculate r(h).
15
Suppose 5*y = -4*y - 6*y. Let f(a) = 4*a - 4*a**2 + 2*a**2 - 1 - 7*a**2 + y + 8*a**2. Give f(2).
3
Let s = -2117 + 2114. Let y(r) = r**3 + 2*r**2 - 4*r - 8. Calculate y(s).
-5
Let d(o) = -o**3 + 20*o**2 - 14*o - 28. Let s = -9865 - -9884. What is d(s)?
67
Suppose 5*v - 857 = -a, 2*a + a = -2*v + 335. Let b(i) = -64 + v - 59 + 5*i - 55. Determine b(4).
14
Suppose -148*s + 156*s - 16 = 0. Let d(m) = 4*m + 468 - m**3 + 3*m**s - 230 - 233. Determine d(4).
5
Let t(o) = o**2 - 17*o - 75. Let g be t(23). Let h(z) = -69*z**2 + 131*z**2 + 5*z + 1 + 2 - g*z**2. Let i = 5 - 1. What is h(i)?
7
Let p(h) = 310*h - 317. Let o be p(1). Let a(r) = 2*r - 5 + 14 + 9. Determine a(o).
4
Suppose x + 36 = 28. Suppose 0*p + 3*c = 4*p - 51, -4*c + 56 = 5*p. Let l(a) = -10*a + 35*a - p*a - 15*a - 10. Calculate l(x).
6
Let v = -4 + -3. Let p be (-3)/((42/10)/v). Suppose p*n = -n. Let m(j) = j - 1. What is m(n)?
-1
Let g(v) = 3*v + 25. Let a be g(0). Let u = -18 + a. Let n(b) = 2 + 13*b - 19*b + u*b. Calculate n(-4).
-2
Let r(v) = 61*v - 3*v**2 + 2 + 21*v - 83*v. What is r(0)?
2
Let o(u) = 1 - 2*u - 4*u + 14*u - 2*u - 3*u. Let m = -136 + 129. Determine o(m).
-20
Suppose 15 = -p + 4*p. Let n = -107 - -112. Suppose -12 = p*l - 2*k, l + n*k + 8 = 4*l. Let y(x) = -2*x**2 - 6*x. Determine y(l).
-8
Let a(v) = -v**2 - 8*v + 11. Let g(p) = -p**3 + 8*p**2 - 16*p + 9. Let h be g(6). Let i(z) = -z + 21 + 4*z - z. Let w be i(h). Give a(w).
2
Let n(f) = 16*f + 22*f - 61*f + f + 19*f + 25. Determine n(-10).
55
Suppose 2*q = 3*q + 5. Suppose 12*p = 9*p. Let b = q + p. Let j(r) = -2*r + 3. Calculate j(b).
13
Suppose 0 = -2*a - 6*a + 16. Let p(k) = -17*k**3 + 0*k**2 + 6*k**2 + k - 5*k**a. What is p(-1)?
17
Let i(o) = 761 + o**3 - 9*o - 1541 + 2*o**2 + 771. Determine i(-5).
-39
Let b be (-5 - 13)/(-9) - 4. Let x(a) = 2*a**3 + 2*a**2 + a + 7. Let y(z) = z**3 + z**2 + z + 4. Let h(c) = 3*x(c) - 5*y(c). What is h(b)?
1
Let f(i) = i**3 + 8*i**2 - i - 9. Suppose -4*q = h - 19, 26 + 50 = 4*h + q. Suppose 6*t + h = -29. Calculate f(t).
-1
Let y(v) = -13*v - 2. Let q(f) = 177*f + 11. Let n(b) = -q(b) - 6*y(b). Calculate n(1).
-98
Let d be 5/(-2*2/4). Let c(h) be the first derivative of -h**3/3 - 2*h**2 - 2*h + 11300. Give c(d).
-7
Let j(o) = o**2 - 12*o + 8. Let z be 12 - (-2 + 3 - 5). Suppose 0 = -9*s + z*s - 63. Determine j(s).
-19
Let s(r) = -4*r - 3*r**3 - 1 - 2*r**2 + 2*r**3 - 2. Suppose m = -33*m + 68. Suppose -2*c - 6 + 2 = 0, 4*j - 5*c = m. Determine s(j).
5
Let z(f) = -4*f**2 - 264*f - 4. Let m(q) = -9*q**2 - 612*q - 7. Let r(i) = -3*m(i) + 7*z(i). Suppose 0 = b + b + a + 27, 5*b + 45 = 2*a. What is r(b)?
4
Let p(q) = 2*q**3 - 3*q**2 + 11*q + 11. Let l(v) = -3*v**3 + 2*v**2 - 12*v - 12. Let g(a) = -3*l(a) - 4*p(a). Calculate g(-6).
40
Let v(r) = -3*r**3 + 14*r**2 - 19*r + 2. Let j(d) = -13*d**3 + 58*d**2 - 82*d + 9. Let k(z) = 2*j(z) - 9*v(z). Calculate k(8).
-72
Let a(y) = -y - y - 22 + 8 + 11 - 6*y. What is a(-2)?
13
Let o(c) = -24*c + 1. Suppose -25 = -5*t, -6*r + r + 4*t - 5 = 0. What is o(r)?
-71
Let g = 55 - 31. Let f = g - 17. Let m(k) = 5*k - 7 - 3*k - f + 11. What is m(2)?
1
Let r(t) = -8*t - 227. Let w(m) = m**3 + 136*m**2 + 121*m - 1918. Let v be w(-135). What is r(v)?
-3
Let h(g) be the second derivative of 0 - 5*g**3 + 1/2*g**2 + 232*g. Calculate h(-1).
31
Let v(a) = 22*a - 61. Suppose -5*s - 21 = -4*b, 44*s = -b + 49*s + 9. Give v(b).
27
Let h(g) = -g**2 - 4*g - 1. Suppose -7*i + 73 = -11. Let s be ((-2)/i*-4)/(15/(-135)). Let r = -8 - s. Calculate h(r).
3
Let f = -669 - -677. Let l(b) = 3*b - b**3 + 97*b**2 - 1 - 90*b**2 + 6*b. Determine l(f).
7
Let d = -361 - -551. Let c(x) = -10*x**2 + 201*x + x**3 - 19 + 6 - d*x. Determine c(9).
5
Let p(n) = n**3 + 4*n**2 - 1. Suppose -3*k = -d - 184 + 1349, -385 = k - 2*d. Let v = 385 + k. Give p(v).
-1
Let c be -2 - (5 + (29 - 4)). Let p = c - -27. Let i be (p/30*2)/(1/(-3)). Let y(d) = -8*d - 1. Give y(i).
-9
Let d(p) = -76*p**3 + 11*p**2 - 40*p - 501. Let l(h) = 35*h**3 - 6*h**2 + 20*h + 250. Let s(i) = -6*d(i) - 13*l(i). What is s(-12)?
-4
Let n(j) = -j**3 + j**2 + j - 19. Let r = 170 + -54. Let d = r + -116. Give n(d).
-19
Let f be 12 + (-206)/(-30) - (-6)/45. Let t(j) = j**3 - 20*j**2 + 21*j + 5. What is t(f)?
43
Let t = -10 + -51. Let n be 1 + 0 - -26*(-55)/22. Let m = n - t. Let s(a) = -a**3 - 2*a**2 + a + 4. Calculate s(m).
10
Let v(i) = -i + 7. Let g(q) = q**3 - 10*q**2 + 11*q - 14. Let d be g(9). Suppose -11 = -j - d*c, 0*c - 2*c = 5*j - 19. What is v(j)?
4
Let u = 0 + -4. Let v(q) = 10*q + 254. Let c be v(-23). Let a(n) = c + 26 + 2*n - 43 - n. Determine a(u).
3
Let x(r) be the second derivative of r**5/20 - r**4/12 + 2*r + 35. Let f(h) = 5*h**3 - 5*h**2 + h - 1. Let l(k) = f(k) - 6*x(k). Determine l(1).
0
Let h(c) = -2*c - 2. Let m be (-6)/2 - 20/(-5). Let o(f) = 11*f + 13. Let x(k) = m*o(k) + 6*h(k). What is x(5)?
-4
Let k be (3 - 2) + 1 - -1. Let s(u) = u - 2. Let q(w) = -1. Let g be 7 - 3/(-3) - 5. Let f(b) = g*q(b) - 2*s(b). Give f(k).
-5
Let s(b) = -18 + 25 - 3 + 7 + 15 - 17*b + b**2. Calculate s(14).
-16
Let q be (-9)/(-27) - 60/(-9). Suppose -q*l = -10*l + 27. Let k(j) be the third derivative of -j**6/120 + j**5/6 - 3*j**4/8 + 3*j**3/2 + 6*j**2. Give k(l).
9
Let u(x) = 11*x**3 + 2*x**2 + 5*x + 2. Suppose -5346*h - 3 = -5343*h. What is u(h)?
-12
Let z(k) = -7*k - 105. Suppose 17*h + 331 = 127. Determine z(h).
-21
Suppose -15*s - 662 = -692. Let x(t) be the first derivative of -14 - 1/2*t**2 - 8*t + 1/4*t**4 + s*t**3. Calculate x(-6).
-2
Let v(n) be the third derivative of -n**5/15 + n**4/24 - 13*n**3/2 - 124*n**2. Let d(q) be the first derivative of v(q). What is d(1)?
-7
Let g(l) be the second derivative of -1/12*l**4 - l**2 + 0 - 3/2*l**3 + 19*l. Let r(p) = p - 3. Let h be r(-5). Calculate g(h).
6
Let z(t) = -3*t**2 + 17*t - 21. Let r = -22735 - -22738. What is z(r)?
3
Let m(z) = 2*z**3 + 12*z**2 + z - 14. Let w be m(-6). Let d(c) = 2*c**3 + 41*c**2 + 20*c + 12. What is d(w)?
12
Let j be (1/3 - 21/9)*194/(-97). Let p(f) = -f**3 + 3*f**2 + 10*f - 18. What is p(j)?
6
Let n(g) = g - 11. Let d be (-6)/(-12)*-10 + (-408)/24. Give n(d).
-33
Let d(r) be the third derivative of r**5/60 - 7*r**4/24 + r**3/3 - 17*r**2. Let v be d(6). Let g(j) = -7*j + 2 - 10*j + 18*j. Calculate g(v).
-2
Let z(c) = 3*c**2 + c - 1. Let v = 26 - 38. Let p be 0/(-3*(-4)/v). Let d be -2 - (-10 + 6) - (4 + p). What is z(d)?
9
Let g = 62 + -52. Let j(w) = w + 1. Let a(v) = -8*v - 12. Let x(z) = g*j(z) + a(z). Let s be x(1). Let h(c) = c**2 - c + 11. What is h(s)?
11
Let j(v) be the first derivative of v**3/3 + 3*v**2/2 - 2*v - 87. Let q = -1 - 1. Let x = q + -3. Calculate j(x).
8
Let s(g) be the second derivative of -7*g**3/6 - 23*g**2/2 + 9667*g. Give s(-9).
40
Let d(q) = -7*q**2 + 33*q + 13. Let n(i) = 5*i**2 - 32*i - 6. Let w(b) = -4*d(b) - 5*n(b). Calculate w(-9).
-31
Let r(o) = 10*o - 2. Let q be (-7120)/(-3738) + (-4)/(-42). Calculate r(q).
18
Let o(p) = -50*p**2 + 17*p + 56. Let t(i) = -11*i**2 + 4*i + 14. Let v(h) = 2*o(h) - 9*t(h). Give v(0).
-14
Let i(b) = 6 + 2 + 3 + b - 3. Suppose -g - k = 0, 106*k = 4*g + 107*k + 15. Calculate i(g).
3
Suppose -t + 12 + 1 = 0. Suppose t*d + 28 = -24. Let y(j) = -2*j**2 - 4*j + 2. Calculate y(d).
-14
Let t be (-1230)/(-300) + 7/(-2) + 35/25. Let j(w) be the first derivative of -12 - 1/2*w**t - 5/3*w**3 - 2*w - 1/4*w**4. Give j(-5).
3
Let w = 13925 + -13922. Let d(v) be the second derivative of 3*v - 1/2*v**2 + 1/2*v**w - 1/12*v**4 + 0. Give d(4).
-5
Let r(s) = -48*s - 15 + 29 + 49*s + 12. Calculate r(-20).
6
Let j(q) be the second derivative of -q**3/6 + q**2 - 48*q - 3. Let p(n) = n + 7. Let m(h) = -3*j(h) - p(h). Determine m(7).
1
Suppose 0 = -4*l - 7 + 31. Suppose 5*h + l = 4*h. Let v(m) = 2 + 252*m**